ulate the remainder when p is divided by m.
8
Let o(q) = -q**3 + q**2 - 2*q + 11. Suppose -u = -2 - 1. Calculate the remainder when o(0) is divided by u.
2
Suppose -2*d + 6*d + 152 = 0. Let m be d/(-14) + (-2)/(-7). What is the remainder when 35 is divided by 0 + 1 - (-14 + m)?
11
What is the remainder when 115 is divided by (-4)/14 + 550/14?
37
Let d be 372/20 + (-6)/10. Let n be 4/d + (-2)/9. Suppose 3*f - 3 = -4*i + 5, n = f - 3*i - 7. Calculate the remainder when 11 is divided by f.
3
Let a be (-18)/(-8) + (-3)/12. Suppose -a*x - 2*x + 136 = 0. Suppose 5*k = 21 + x. What is the remainder when 20 is divided by k?
9
Let w(r) = -r + 5. Let o be w(-10). Let h = o - 11. Calculate the remainder when h is divided by 3.
1
Calculate the remainder when 315/10 + 2/4 is divided by 11.
10
Let u(r) = 3*r - 3. Let b(x) = 3*x - 2. Let i(l) = 2*b(l) - 3*u(l). What is the remainder when 102 is divided by i(-7)?
24
Let m = 29 + -12. What is the remainder when m is divided by 6?
5
Let s = -4 - -19. Let n = 14 + -18. Calculate the remainder when (n/5)/((-20)/1450) is divided by s.
13
Let k(b) = -7*b. Let i(s) = 8*s - 1. Let v(u) = -4*i(u) - 5*k(u). Calculate the remainder when v(4) is divided by (5/((-10)/(-12)))/1.
4
Suppose -3*h = -22 - 71. Calculate the remainder when 121 is divided by h.
28
Let m = -7 + 8. Let f(a) = -5*a - 6. Let n be f(-6). Suppose -g = 4*x + 8 - n, 3*g = -2*x + 18. Calculate the remainder when x is divided by m.
0
Let k(n) be the third derivative of -n**4/24 + 2*n**3/3 - 5*n**2. Calculate the remainder when k(-8) is divided by 4.
0
Let q = 12 + -7. Suppose -h - 3 = -x, -q*h + 47 = 4*x - 1. What is the remainder when x is divided by (-30)/25*(-10)/4?
1
Let r be 8/(-3)*(-9)/6. Suppose 0*z + 4*z = 4, -r*s + 2*z = 10. What is the remainder when 5 is divided by 3/s*4/(-3)?
1
Let u = -18 - -20. Suppose -6*n + 4 = -2*n. What is the remainder when u is divided by n?
0
Suppose 57 = 4*q + 9. Calculate the remainder when 22 is divided by q.
10
Let f = 10 - -31. Calculate the remainder when f is divided by 14.
13
Let k be 4/(-6) - (-4)/6. Suppose n + 0*n + 138 = k. Calculate the remainder when (6/9)/((-4)/n) is divided by 8.
7
Let a = 10 - 7. Let w(g) = 3*g - 4. Calculate the remainder when w(a) is divided by 4.
1
Suppose 2*u + 9 = -u. Let v be (-1)/((u - -2) + 2). What is the remainder when 8 is divided by (-1)/(v + (-8)/(-10))?
3
Suppose -228 = -2*a + 5*h, 0 = 2*a + 3*h - 114 - 114. Suppose -2*y - y = -a. Suppose 0 = -4*o + y + 6. What is the remainder when o is divided by 7?
4
Suppose -5*p + p = -16. Suppose -5*g = 3*q - 24, -p*g - g + q = -32. Let r = -2 + 6. What is the remainder when g is divided by r?
2
Let l(o) = o + 2*o**3 + 2*o**3 + 4*o**2 - 3*o**3 + 5. Let z be l(-4). Calculate the remainder when 11 is divided by (5 - 0) + z + -2.
3
Let r(v) = -v**3 + 9*v**2 - 6*v - 2. What is the remainder when 26 is divided by r(8)?
12
Suppose 0*q - 3*q - 2*d + 220 = 0, -62 = -q + 5*d. Let y = q - 38. What is the remainder when y is divided by 12?
10
Suppose -10*k + 18 = -7*k. What is the remainder when 41 is divided by k?
5
Suppose 3 + 17 = 4*m + 4*o, -4*m + 10 = -o. Suppose 4*z + m*w - w = 6, -z + 5*w = 15. Suppose z = -2*f - 1 + 41. What is the remainder when 38 is divided by f?
18
Let g(b) = b**2 + 6*b + 6. What is the remainder when g(7) is divided by 14?
13
Let b be (-90)/6*(2 + -1). Let a be (-5)/2*24/b. Calculate the remainder when 25 is divided by 9*(-3 - a/(-1)).
7
Let q = -7 + 9. What is the remainder when q is divided by 1/1 + (-1 - -1)?
0
Suppose -5*o = -t - 15 - 2, 0 = -5*t + 3*o + 3. Suppose -43 = -2*b + 5*u, -2*b + 0*u = t*u - 3. Calculate the remainder when 35 is divided by b.
8
Suppose 0 = g + 119 - 807. Suppose 3*q = 70 - g. Let l = -138 - q. What is the remainder when l is divided by 23?
22
Suppose 5*i + 24 = -v + 3*v, -21 = -v - 2*i. Calculate the remainder when v is divided by 6.
5
Suppose b + 135 = 2*b. Let j be (2 + -1)/(2/14). Suppose 2*y = j*y - b. Calculate the remainder when y is divided by 15.
12
Let i(w) = w**2 - 11*w + 43. Calculate the remainder when 123 is divided by i(9).
23
Let q be (-1)/(-4) - 22/(-8). Suppose 7 = -q*i + 25. Let x(k) = k**2 + 5*k - 2. What is the remainder when i is divided by x(-6)?
2
Let u = -52 - -188. Suppose -2*a + 98 = -4*z + 14, -3*a + u = -z. Calculate the remainder when a is divided by 16.
14
Let g(z) = 3*z**2 + 0*z**2 + z**3 + 0*z**3 + z**2. Let a be g(-3). What is the remainder when 2 is divided by (-4)/(-12) - (-6)/a?
0
Let v be 9*(0 + (2 - -2)). Let n = -32 - v. Calculate the remainder when 19 is divided by n/(-10) - 3/(-15).
5
Let l = -50 - -61. What is the remainder when 36 is divided by l?
3
Let c(d) = -d**3 - 4*d**2 + 3*d - 5. Suppose -37 = -3*o + 2*f, -o = 3*f - 148 + 121. What is the remainder when o is divided by c(-5)?
0
Let u(f) = -f + 15. What is the remainder when u(-14) is divided by 11?
7
Suppose 0 = -4*l - 14 + 78. Let g = 139 - 93. What is the remainder when g is divided by l?
14
Let m be -373*1 - (2 + 0). What is the remainder when 40 is divided by (-1)/(-6) + m/(-18)?
19
Let c(i) = i**2 - 2*i + 32. Let r be c(0). Let n = r + 27. What is the remainder when n is divided by 15?
14
Let w be ((-8)/2)/(0 - 1). Calculate the remainder when w*((-335)/4)/(-5) is divided by 20 - ((2 - 0) + 1).
16
Let s(x) = -2*x - 10. What is the remainder when 4 is divided by s(-6)?
0
Let a be (45/12)/(1/4). Suppose 2*v + 3*v = a. What is the remainder when v is divided by (-2)/(-1)*(-2 - -3)?
1
Let b = -34 + 66. Calculate the remainder when b is divided by 9.
5
What is the remainder when 59 is divided by 30/4*120/75?
11
Let q(z) = -z**2 + 1 - 10*z - 1 + 2. Suppose 0 = -2*n + 3*n - 3*o + 13, 3*n - 2*o + 32 = 0. Calculate the remainder when 3 is divided by q(n).
1
Let i = 34 + -6. Calculate the remainder when i is divided by 8.
4
Suppose 3*w = 5*g - 63, 0 = g + 3*g + 4*w - 44. Let o = g + -3. What is the remainder when 26 is divided by o?
8
Calculate the remainder when 89 is divided by (23/(-1))/(-11 - -10).
20
Suppose -3*r - r + 4 = 0. What is the remainder when 0 - (-34 - (-2 + r)) is divided by 12?
9
Let c(g) = g**2 + 2. What is the remainder when 41 is divided by c(3)?
8
Let y(s) = 31*s**2 + 4*s + 7. Calculate the remainder when y(-2) is divided by 25.
23
Let l be 3/(-3)*-2*2. Suppose l*v + 4*w = 2*v + 12, 42 = 2*v - 2*w. What is the remainder when 30 is divided by v?
14
Let f(m) = m**3 + 6*m**2 - m - 2. Let i be f(-6). Suppose 4*d + 38 = 2*x + 4, -5*x + 79 = -i*d. What is the remainder when x is divided by 6?
3
Let n = -8 + -1. Calculate the remainder when 38 is divided by (n/(-18))/(2/80).
18
Suppose 0 + 5 = 5*f. Suppose d - 48 - f = 0. What is the remainder when d is divided by 13?
10
Suppose 130 = 5*j + 15. Let i = -7 + j. What is the remainder when 62 is divided by i?
14
Let b(g) = g + 12. Let x be b(-10). Suppose x*k - 69 = -k. Calculate the remainder when k is divided by 8.
7
Suppose 4*j - 31 = -5*h + 94, 118 = 4*j - 2*h. What is the remainder when j is divided by 8?
6
Suppose -7*v + v = -3*v. Suppose -4*h = -36 - 4. Suppose -t - 1 + h = v. What is the remainder when 26 is divided by t?
8
Let d(g) = -g**3 + 6*g**2 - g + 8. Let b be d(6). Let a(t) = 3*t - 1. Calculate the remainder when a(b) is divided by 3.
2
Suppose 2*a - 9 = -a. Suppose 0 = u - 4, 5*g + 4*u - 9 = -a. Let o(s) = -10*s. What is the remainder when o(g) is divided by 7?
6
Suppose 21 + 111 = 3*v. What is the remainder when v is divided by 15?
14
Let x = 4 - 5. Let c(k) = 2*k**2 + 1. Calculate the remainder when 4 is divided by c(x).
1
Suppose g = -2 - 2. Let l = g - -9. Suppose -3*z - m + 80 - 16 = 0, 125 = l*z - 2*m. What is the remainder when z is divided by 12?
11
Let f(s) = -12*s - 6. Let o be f(-4). Let k = 23 - 16. Suppose 5*v - o + k = 0. What is the remainder when 13 is divided by v?
6
Suppose -l = -0*l - 50. Suppose 0 = 3*n - 1 - 8. Suppose -l = -n*v - 2*v. What is the remainder when 18 is divided by v?
8
Suppose 6*y - 89 = 805. Calculate the remainder when y is divided by 19.
16
Suppose 0 = -3*g + 2*w + 414, g - 5*g + 550 = -2*w. Calculate the remainder when g is divided by 23.
21
Suppose 0 = -4*l - 32 + 12. Suppose 3 = -r + 5. Calculate the remainder when l/(-3) + 2/6 is divided by r.
0
Suppose 4*l + 0 = 3*